)?
7
Let b(d) = -d**2 - 241*d - 10459. Determine b(-57).
29
Let i(v) = -2*v**3 - 20*v**2 + 1261*v + 17507. Give i(-18).
-7
Let m(x) = -10*x**2 + 342*x - 357. What is m(33)?
39
Let q(h) = -106*h**3 - 20776*h**2 - 26*h - 5073. Calculate q(-196).
23
Let i(q) = -43*q**2 + 95*q - 450. Determine i(5).
-1050
Let j(p) = 2040*p**2 + 20362*p + 12. Determine j(-10).
392
Let m(g) = 3*g**2 + 611*g - 14788. Determine m(22).
106
Let t(f) = 18*f**3 - 12*f**2 + 15*f + 96. What is t(-4)?
-1308
Let o(f) = f**3 - 147*f**2 - 2*f + 312. Calculate o(147).
18
Let l(r) = 2686*r**2 + 5387*r + 18. What is l(-2)?
-12
Let h(z) = -17*z**2 + 404*z - 1106. What is h(21)?
-119
Let k(f) = -7*f**2 - 23*f + 184. Calculate k(6).
-206
Let b(m) = 5*m**3 + 281*m**2 - 232*m - 1. Calculate b(1).
53
Let n(t) = -663*t**3 - 8*t**2 + 2613*t - 2605. Give n(1).
-663
Let v(u) = -7*u**2 + 3204*u - 12914. Determine v(4).
-210
Let r(d) = d**2 - 797*d + 107463. What is r(171)?
417
Let m(q) = 9*q**2 - 240*q - 2983. Calculate m(-9).
-94
Let s(h) = -19841*h - 277450. Calculate s(-14).
324
Let b(u) = u**3 + 52*u**2 - 126*u - 9369. Determine b(-49).
4008
Let t(p) = -6*p**3 - 24*p**2 + 48*p + 18. What is t(3)?
-216
Let t(r) = r**3 + 33*r**2 + 93*r + 2596. Give t(-31).
1635
Let a(i) = -15*i**2 + 457*i - 119. What is a(28)?
917
Let c(j) = -479*j - 89901. Determine c(-187).
-328
Let b(j) = -80*j**2 - 20813*j - 3380. Determine b(-260).
0
Let j(o) = -14376*o + 747756. Calculate j(52).
204
Let w(k) = 4*k**2 + 164*k - 470307. Determine w(323).
-19
Let x(w) = -2461*w - 66418. Calculate x(-27).
29
Let u(k) = -50996*k**2 + 1784857*k + 88. Determine u(35).
-17
Let c(f) = 389*f**2 - 56*f - 56. Give c(-1).
389
Let v(b) = -b**2 - 450*b + 25279. Calculate v(53).
-1380
Let s(q) = -341*q**3 - 13981*q**2 - 48*q - 1968. Calculate s(-41).
0
Let h(l) = -2*l**3 - 23*l**2 - 70*l + 150. Calculate h(-12).
1134
Let x(g) = g**3 - 1049*g**2 + 163172*g + 32640. What is x(859)?
-2
Let f(i) = -i**3 - 337*i**2 + 327*i - 3712. What is f(-338)?
6
Let p(o) = 973*o - 3735. Give p(4).
157
Let d(f) = 4*f**2 + 155*f - 2223. Determine d(-44).
-1299
Let h(n) = -715*n + 12202. What is h(17)?
47
Let p(n) = 1537*n - 15617. What is p(10)?
-247
Let i(d) = -6*d**3 + 18*d**2 - 275*d + 969. Determine i(4).
-227
Let b(n) = -3*n**3 + 1431*n**2 + 1429*n + 2363. What is b(478)?
-27
Let w(s) = -124629*s + 4486648. What is w(36)?
4
Let n(h) = 2*h**2 + 8*h - 99. What is n(25)?
1351
Let z(j) = 14*j - 142. Give z(14).
54
Let v(n) = 7*n**3 - 44*n**2 + 49*n - 241. What is v(6)?
-19
Let h(f) = f**3 - 115*f**2 + 99*f + 1885. Determine h(114).
175
Let u(r) = -r**3 + 164*r**2 - 632*r - 21. What is u(4)?
11
Let s(z) = z**3 - 27*z**2 + 18665*z - 704293. Give s(37).
2
Let r(p) = p**3 + 4*p**2 - 847*p + 239. Give r(27).
-31
Let u(t) = 304*t + 11511. What is u(-38)?
-41
Let g(p) = -2*p**3 + 310*p**2 - 468*p + 24779. Calculate g(154).
139
Let y(o) = o**3 + 21*o**2 - 369*o + 912. Determine y(-33).
21
Let k(m) = 2502*m - 1283429. Calculate k(513).
97
Let c(o) = 2*o**2 - 100*o - 2037. Calculate c(-15).
-87
Let n(l) = -1388*l - 176805. What is n(-128)?
859
Let l(x) = -2*x**2 + 3*x + 403. Give l(-14).
-31
Let w(h) = h**2 - 96*h - 2532. Give w(-22).
64
Let k(j) = -8*j**3 + 35*j**2 - 721*j + 3696. Calculate k(5).
-34
Let f(j) = 927*j + 22389. Give f(-24).
141
Let r(p) = p**3 + 157*p**2 + 3407*p + 328. Determine r(-131).
197
Let f(d) = d**2 - 122*d + 3084. Determine f(85).
-61
Let l(k) = k**3 + 6825*k + 48166. Determine l(-7).
48
Let n(p) = 2*p**3 + 231*p**2 - 1191*p - 75. What is n(5)?
-5
Let h(l) = l**3 + 171*l**2 + 513*l + 19. Give h(-3).
-8
Let q(d) = -6958*d + 306209. What is q(44)?
57
Let d(u) = 10*u - 307. Calculate d(-12).
-427
Let m(d) = 356*d - 9777. Calculate m(27).
-165
Let s(h) = -22*h**2 + 1080*h - 5684. Give s(6).
4
Let s(p) = 3*p**2 + 2692*p - 21735. Calculate s(8).
-7
Let t(j) = j**2 - 100606*j - 2314479. Determine t(-23).
-12
Let j(h) = -21*h**3 - 4*h**2 + 57*h + 5. Determine j(-4).
1057
Let b(m) = 1275*m**2 - 173400*m + 19. Determine b(136).
19
Let x(h) = h**2 + 325*h + 26334. What is x(-167)?
-52
Let c(v) = 317*v**2 + 251*v - 51. Give c(-1).
15
Let d(s) = -95090*s - 950902. Give d(-10).
-2
Let q(v) = 1929*v - 19363. Determine q(10).
-73
Let u(d) = 40*d + 150. Determine u(-10).
-250
Let c(q) = 289*q + 643. Determine c(-1).
354
Let n(o) = -51*o**2 + 2567*o - 872. Give n(50).
-22
Let a(k) = 7*k**3 + 333*k**2 + 24*k - 1551. What is a(-47)?
6157
Let w(b) = 17*b**2 + 2634*b + 47. Determine w(-155).
202
Let p(s) = s**3 - 5*s**2 - 84*s - 2. Give p(-7).
-2
Let c(u) = -34*u**3 - 4*u**2 - 274*u - 547. Calculate c(-2).
257
Let m(n) = 3*n**3 + 572*n**2 - 184*n + 1334. What is m(-191)?
-3
Let j(a) = 262*a - 4277. Determine j(16).
-85
Let g(m) = -629*m - 142. Calculate g(1).
-771
Let v(t) = -3*t**2 + 103*t + 6909. Give v(-34).
-61
Let o(n) = 21*n + 629. Give o(-21).
188
Let b(o) = o**3 + 13*o**2 - 737*o + 112. Determine b(-34).
894
Let n(u) = -5559*u + 572584. What is n(103)?
7
Let m(p) = -31*p + 932. Give m(82).
-1610
Let p(z) = -253*z + 16262. What is p(64)?
70
Let s(t) = t**3 - 117*t**2 - 8356*t + 1018. What is s(167)?
16
Let y(b) = -9*b**3 - 119*b**2 - 1401*b - 17855. Give y(-13).
20
Let j(l) = -1967*l + 265538. Give j(135).
-7
Let t(u) = u**2 + 103*u - 875. What is t(8)?
13
Let q(c) = 1476*c + 94317. Calculate q(-64).
-147
Let v(q) = 10006*q - 93185. What is v(10)?
6875
Let r(z) = z**3 + z**2 + 1521*z + 204. Calculate r(0).
204
Let n(h) = -h**3 + 83*h**2 + 2063*h - 419. What is n(103)?
-110
Let b(u) = 199*u**3 - 13*u**2 - 95*u + 234. What is b(2)?
1584
Let n(j) = -5418*j - 2996193. Give n(-553).
-39
Let r(t) = -50*t**2 + 194*t + 595. What is r(-3)?
-437
Let n(m) = -m**3 - 4*m**2 - 1477*m + 7435. Determine n(5).
-175
Let p(u) = 18781*u + 37443. Calculate p(-2).
-119
Let z(v) = v**2 + 1070*v + 2139. Give z(-2).
3
Let k(h) = 897*h**2 + 3097*h + 3. Determine k(-3).
-1215
Let a(r) = -2*r**2 + 476*r - 1444. Determine a(3).
-34
Let b(r) = 9*r**3 + 4837*r**2 + 86148*r - 3111. What is b(-519)?
3
Let s(z) = 171*z - 35760. Determine s(209).
-21
Let m(q) = -2*q**3 + 25*q**2 - 50*q - 187. Give m(6).
-19
Let m(x) = x**3 + 14*x**2 + 140*x + 875. Give m(-9).
20
Let o(u) = 42528*u - 127418. Determine o(3).
166
Let a(n) = 148721*n - 1189784. What is a(8)?
-16
Let w(f) = -f**2 - 1552*f + 85183. Calculate w(53).
118
Let c(t) = -11*t**3 - 41*t**2 + 175*t - 19. Give c(4).
-679
Let p(s) = -154*s**2 - 2931*s - 21. Determine p(-19).
74
Let d(u) = -3*u**3 - 19*u**2 - 1650*u - 8125. Give d(-5).
25
Let u(h) = 3345*h**3 + 2*h**2 + 23*h + 23. Give u(-1).
-3343
Let g(r) = -11*r**2 + 300*r + 993. What is g(-3)?
-6
Let h(t) = -t**2 - 44*t + 513. Determine h(7).
156
Let k(a) = 39*a**2 - 3272*a + 47893. Determine k(65).
-12
Let k(d) = -2*d**2 - 48*d - 115. What is k(-13)?
171
Let p(o) = -1507*o + 8963. Give p(7).
-1586
Let a(f) = 11647*f - 128304. What is a(11)?
-187
Let g(y) = -4*y**2 + 436*y - 3256. What is g(8)?
-24
Let k(r) = 7*r**2 + 1720*r - 6892. Determine k(4).
100
Let t(q) = 26*q**2 - 2866*q - 83. Determine t(110).
-743
Let x(v) = -4*v**3 - 65*v**2 - 83*v - 1016. What is x(-16)?
56
Let j(h) = -19*h**3 - 665*h**2 - 2687*h + 3. What is j(-4)?
1327
Let u(w) = 770*w**3 + 5389*w**2 - 10*w - 1. Determine u(-7).
20
Let l(w) = w**2 - 493*w + 32562. Give l(81).
-810
Let g(o) = -27276*o + 109071. What is g(4)?
-33
Let o(p) = 3*p**2 - 40*p - 12447. What is o(-58)?
-35
Let p(y) = -4*y**2 + 84*y + 1371. Calculate p(32).
-37
Let c(h) = 2*h**3 + 1128*h**2 + 4492*h + 55. Give c(-4).
7
Let r(n) = 2209*n + 10830. Give r(-5).
-215
Let t(a) = -2*a**3 - 172*a**2 - 1825*a - 82216. Calculate t(-81).
-1
Let n(x) = 1019*x**2 + 65218*x + 78. What is n(-64)?
-50
Let o(p) = 2776*p + 11120. What is o(-4)?
16
Let h(s) = -s**2 - 596*s - 42499. Give h(-83).
80
Let f(v) = v**3 - 20*v**2 + 133*v - 1289. Give f(16).
-185
Let z(f) = 45674*f + 182611. What is z(-4)?
-85
Let v(r) = r**3 - 560*r**2 - 9776*r - 19038. Give v(577).
3
Let t(h) = 349026*h - 2094148. Determine t(6).
8
Let x(b) = 14*b**2 - 174*b - 177. Give x(-1).
11
Let u(z) = 980*z - 28431. Calculate u(29).
-11
Let c(w) = 671*w + 45637. Give c(-68).
9
Let a(x) = 105*x - 1044. Give a(10).
6
Let b(y) = y**2 + 332*y + 12795. Calculate b(-44).
123
Let a(q) = 96*q - 104